{"id":234,"date":"2026-08-30T23:07:54","date_gmt":"2026-08-30T20:07:54","guid":{"rendered":"https:\/\/karekapital.com\/?post_type=kk_study&#038;p=234"},"modified":"2026-08-30T23:07:55","modified_gmt":"2026-08-30T20:07:55","slug":"faiz-kur-ve-tahvil-piyasasinda-yeni","status":"publish","type":"kk_study","link":"https:\/\/karekapital.com\/index.php\/calisma\/faiz-kur-ve-tahvil-piyasasinda-yeni\/","title":{"rendered":"Faiz, Kur ve Tahvil Piyasas\u0131nda Yeni"},"content":{"rendered":"\n<p class=\"wp-block-paragraph\">Denge Aray\u0131\u015f\u0131<\/p>\n\n\n\n<p class=\"wp-block-paragraph\">CMB&#8217;nin haftal\u0131k repo ihalelerine yeniden ba\u015flamas\u0131, resmi politika faizi de\u011fi\u015fmemi\u015f olsa da piyasadaki<\/p>\n\n\n\n<p class=\"wp-block-paragraph\">fiili fonlama maliyetini a\u015fa\u011f\u0131 \u00e7ekti. \u0130lk bak\u0131\u015fta teknik g\u00f6r\u00fcnen bu ad\u0131m; TL getirisi, kurun seyri, tahvil e\u011frisi<\/p>\n\n\n\n<p class=\"wp-block-paragraph\">ve \u015firketlerin finansman tercihlerine ayn\u0131 anda dokunuyor. K\u0131sa vadeli faizlerde rahatlama g\u00f6r\u00fcl\u00fcrken uzun<\/p>\n\n\n\n<p class=\"wp-block-paragraph\">vadeli tahvillerin ayn\u0131 \u00f6l\u00e7\u00fcde kar\u015f\u0131l\u0131k vermemesi, piyasan\u0131n enflasyonun kal\u0131c\u0131 d\u00fc\u015f\u00fc\u015f\u00fc konusunda h\u00e2l\u00e2<\/p>\n\n\n\n<p class=\"wp-block-paragraph\">temkinli oldu\u011funu anlat\u0131yor. Enflasyon beklentilerinin hanehalk\u0131, reel sekt\u00f6r ve piyasa profesyonelleri<\/p>\n\n\n\n<p class=\"wp-block-paragraph\">aras\u0131nda belirgin bi\u00e7imde ayr\u0131\u015fmas\u0131 da bu temkinin \u00f6nemli bir par\u00e7as\u0131. Bizim a\u00e7\u0131m\u0131zdan konu yaln\u0131zca faiz<\/p>\n\n\n\n<p class=\"wp-block-paragraph\">seviyesinin nereye gelece\u011fi de\u011fil; kurun hangi h\u0131zla ilerleyece\u011fi, yabanc\u0131 giri\u015finin ne kadar devam edece\u011fi<\/p>\n\n\n\n<p class=\"wp-block-paragraph\">ve d\u00f6viz borcu ta\u015f\u0131yan \u015firketlerin bu yeni d\u00fczene nas\u0131l haz\u0131rlanaca\u011f\u0131d\u0131r.<\/p>\n","protected":false},"excerpt":{"rendered":"<p>Denge Aray\u0131\u015f\u0131 CMB&#8217;nin haftal\u0131k repo ihalelerine yeniden ba\u015flamas\u0131, resmi politika faizi de\u011fi\u015fmemi\u015f olsa da piyasadaki fiili fonlama maliyetini a\u015fa\u011f\u0131 \u00e7ekti. \u0130lk bak\u0131\u015fta teknik g\u00f6r\u00fcnen bu ad\u0131m; TL getirisi, kurun seyri, tahvil e\u011frisi ve \u015firketlerin finansman tercihlerine ayn\u0131 anda dokunuyor. K\u0131sa vadeli faizlerde rahatlama g\u00f6r\u00fcl\u00fcrken uzun vadeli tahvillerin ayn\u0131 \u00f6l\u00e7\u00fcde kar\u015f\u0131l\u0131k vermemesi, piyasan\u0131n enflasyonun kal\u0131c\u0131 d\u00fc\u015f\u00fc\u015f\u00fc [&hellip;]<\/p>\n","protected":false},"featured_media":0,"template":"","class_list":["post-234","kk_study","type-kk_study","status-publish","hentry"],"_links":{"self":[{"href":"https:\/\/karekapital.com\/index.php\/wp-json\/wp\/v2\/kk_study\/234","targetHints":{"allow":["GET"]}}],"collection":[{"href":"https:\/\/karekapital.com\/index.php\/wp-json\/wp\/v2\/kk_study"}],"about":[{"href":"https:\/\/karekapital.com\/index.php\/wp-json\/wp\/v2\/types\/kk_study"}],"version-history":[{"count":1,"href":"https:\/\/karekapital.com\/index.php\/wp-json\/wp\/v2\/kk_study\/234\/revisions"}],"predecessor-version":[{"id":237,"href":"https:\/\/karekapital.com\/index.php\/wp-json\/wp\/v2\/kk_study\/234\/revisions\/237"}],"wp:attachment":[{"href":"https:\/\/karekapital.com\/index.php\/wp-json\/wp\/v2\/media?parent=234"}],"curies":[{"name":"wp","href":"https:\/\/api.w.org\/{rel}","templated":true}]}}

Faiz, Kur ve Tahvil Piyasasında Yeni

<p class="wp-block-paragraph">Denge Arayışı</p>



<p class="wp-block-paragraph">CMB&#8217;nin haftalık repo ihalelerine yeniden başlaması, resmi politika faizi değişmemiş olsa da piyasadaki</p>



<p class="wp-block-paragraph">fiili fonlama maliyetini aşağı çekti. İlk bakışta teknik görünen bu adım; TL getirisi, kurun seyri, tahvil eğrisi</p>



<p class="wp-block-paragraph">ve şirketlerin finansman tercihlerine aynı anda dokunuyor. Kısa vadeli faizlerde rahatlama görülürken uzun</p>



<p class="wp-block-paragraph">vadeli tahvillerin aynı ölçüde karşılık vermemesi, piyasanın enflasyonun kalıcı düşüşü konusunda hâlâ</p>



<p class="wp-block-paragraph">temkinli olduğunu anlatıyor. Enflasyon beklentilerinin hanehalkı, reel sektör ve piyasa profesyonelleri</p>



<p class="wp-block-paragraph">arasında belirgin biçimde ayrışması da bu temkinin önemli bir parçası. Bizim açımızdan konu yalnızca faiz</p>



<p class="wp-block-paragraph">seviyesinin nereye geleceği değil; kurun hangi hızla ilerleyeceği, yabancı girişinin ne kadar devam edeceği</p>



<p class="wp-block-paragraph">ve döviz borcu taşıyan şirketlerin bu yeni düzene nasıl hazırlanacağıdır.</p>

<p>Denge Arayışı CMB&#8217;nin haftalık repo ihalelerine yeniden başlaması, resmi politika faizi değişmemiş olsa da piyasadaki fiili fonlama maliyetini aşağı çekti. İlk bakışta teknik görünen bu adım; TL getirisi, kurun seyri, tahvil eğrisi ve şirketlerin finansman tercihlerine aynı anda dokunuyor. Kısa vadeli faizlerde rahatlama görülürken uzun vadeli tahvillerin aynı ölçüde karşılık vermemesi, piyasanın enflasyonun kalıcı düşüşü [&hellip;]</p>
